s the remainder when 77 is divided by 22?
11
Calculate the remainder when 1107 is divided by 15.
12
Calculate the remainder when 575 is divided by 83.
77
Calculate the remainder when 520 is divided by 18.
16
Calculate the remainder when 2180 is divided by 102.
38
What is the remainder when 904 is divided by 165?
79
Calculate the remainder when 4805 is divided by 229.
225
What is the remainder when 437 is divided by 60?
17
What is the remainder when 2232 is divided by 224?
216
What is the remainder when 368 is divided by 41?
40
Calculate the remainder when 1019 is divided by 33.
29
Calculate the remainder when 4868 is divided by 28.
24
What is the remainder when 46 is divided by 4?
2
Calculate the remainder when 2681 is divided by 27.
8
Calculate the remainder when 167 is divided by 19.
15
Calculate the remainder when 245 is divided by 236.
9
Calculate the remainder when 528 is divided by 53.
51
Calculate the remainder when 722 is divided by 85.
42
Calculate the remainder when 166 is divided by 35.
26
Calculate the remainder when 861 is divided by 9.
6
Calculate the remainder when 519 is divided by 253.
13
What is the remainder when 24 is divided by 3?
0
Calculate the remainder when 1297 is divided by 13.
10
Calculate the remainder when 28 is divided by 5.
3
Calculate the remainder when 1146 is divided by 95.
6
What is the remainder when 93 is divided by 78?
15
What is the remainder when 211 is divided by 53?
52
What is the remainder when 1085 is divided by 33?
29
Calculate the remainder when 5138 is divided by 53.
50
Calculate the remainder when 484 is divided by 98.
92
What is the remainder when 859 is divided by 27?
22
What is the remainder when 2847 is divided by 283?
17
Calculate the remainder when 2375 is divided by 54.
53
Calculate the remainder when 338 is divided by 18.
14
What is the remainder when 14576 is divided by 29?
18
Calculate the remainder when 2201 is divided by 9.
5
Calculate the remainder when 2648 is divided by 204.
200
Calculate the remainder when 289 is divided by 99.
91
What is the remainder when 37 is divided by 25?
12
Calculate the remainder when 206 is divided by 113.
93
What is the remainder when 556 is divided by 43?
40
What is the remainder when 12 is divided by 6?
0
What is the remainder when 775 is divided by 160?
135
What is the remainder when 1492 is divided by 95?
67
Calculate the remainder when 145 is divided by 26.
15
What is the remainder when 6527 is divided by 10?
7
What is the remainder when 460 is divided by 31?
26
Calculate the remainder when 148 is divided by 24.
4
Calculate the remainder when 5850 is divided by 189.
180
Calculate the remainder when 6928 is divided by 154.
152
Calculate the remainder when 219 is divided by 78.
63
Calculate the remainder when 1177 is divided by 94.
49
Calculate the remainder when 4499 is divided by 86.
27
What is the remainder when 201 is divided by 43?
29
Calculate the remainder when 115 is divided by 40.
35
Calculate the remainder when 32 is divided by 22.
10
What is the remainder when 1808 is divided by 40?
8
Calculate the remainder when 98 is divided by 26.
20
What is the remainder when 188 is divided by 57?
17
Calculate the remainder when 165 is divided by 45.
30
What is the remainder when 148 is divided by 74?
0
Calculate the remainder when 136 is divided by 16.
8
What is the remainder when 1239 is divided by 46?
43
Calculate the remainder when 166 is divided by 56.
54
Calculate the remainder when 207 is divided by 37.
22
Calculate the remainder when 44379 is divided by 7.
6
Calculate the remainder when 20 is divided by 12.
8
Calculate the remainder when 586 is divided by 155.
121
What is the remainder when 322 is divided by 8?
2
What is the remainder when 974 is divided by 109?
102
What is the remainder when 177 is divided by 89?
88
What is the remainder when 55 is divided by 4?
3
Calculate the remainder when 49 is divided by 28.
21
What is the remainder when 69 is divided by 9?
6
Calculate the remainder when 316 is divided by 57.
31
Calculate the remainder when 89 is divided by 25.
14
Calculate the remainder when 882 is divided by 52.
50
Calculate the remainder when 255 is divided by 32.
31
What is the remainder when 44 is divided by 12?
8
What is the remainder when 105 is divided by 27?
24
What is the remainder when 1829 is divided by 181?
19
What is the remainder when 189 is divided by 49?
42
What is the remainder when 453 is divided by 69?
39
What is the remainder when 438 is divided by 63?
60
Calculate the remainder when 69 is divided by 63.
6
What is the remainder when 1276 is divided by 251?
21
Calculate the remainder when 3463 is divided by 68.
63
Calculate the remainder when 229 is divided by 112.
5
Calculate the remainder when 108 is divided by 11.
9
What is the remainder when 11149 is divided by 66?
61
Calculate the remainder when 340 is divided by 91.
67
Calculate the remainder when 265 is divided by 75.
40
What is the remainder when 3109 is divided by 155?
9
What is the remainder when 87 is divided by 71?
16
Calculate the remainder when 18 is divided by 3.
0
What is the remainder when 629 is divided by 71?
61
What is the remainder when 1769 is divided by 175?
19
Calculate the remainder when 577 is divided by 48.
1
Calculate the remainder when 86 is divided by 44.
42
What is the remainder when 48 is divided by 30?
18
What is the remainder when 2103 is divided by 117?
114
What is the remainder when 122 is divided by 41?
40
What is the remainder when 125 is divided by 14?
13
Calculate the remainder when 132 is divided by 40.
12
Calculate the remainder when 98 is divided by 64.
34
Calculate the remainder when 1194 is divided by 92.
90
What is the remainder when 1762 is divided by 7?
5
Calculate the remainder when 132 is divided by 17.
13
What is the remainder when 1120 is divided by 51?
49
Calculate the remainder when 934 is divided by 17.
16
What is the remainder when 2532 is divided by 282?
276
Calculate the remainder when 181 is divided by 7.
6
What is the remainder when 2456 is divided by 413?
391
What is the remainder when 18 is divided by 2?
0
Calculate the remainder when 175 is divided by 56.
7
What is the remainder when 120 is divided by 70?
50
Calculate the remainder when 417 is divided by 106.
99
Calculate the remainder when 2601 is divided by 217.
214
Calculate the remainder when 1450 is divided by 90.
10
What is the remainder when 258 is divided by 77?
27
Calculate the remainder when 167 is divided by 26.
11
What is the remainder when 1439 is divided by 39?
35
Calculate the remainder when 86 is divided by 31.
24
Calculate the remainder when 202 is divided by 40.
2
Calculate the remainder when 8147 is divided by 163.
160
Calculate the remainder when 1376 is divided by 153.
152
What is the remainder when 892 is divided by 148?
4
What is the remainder when 206 is divided by 72?
62
Calculate the remainder when 399 is divided by 152.
95
What is the remainder when 249 is divided by 97?
55
Calculate the remainder when 1365 is divided by 451.
12
Calculate the remainder when 193 is divided by 94.
5
What is the remainder when 1462 is divided by 19?
18
What is the remainder when 118 is divided by 59?
0
What is the remainder when 47 is divided by 4?
3
What is the remainder when 110 is divided by 39?
32
Calculate the remainder when 115 is divided by 24.
19
What is the remainder when 1277 is divided by 16?
13
Calculate the remainder when 2098 is divided by 21.
19
What is the remainder when 950 is divided by 269?
143
Calculate the remainder when 860 is divided by 95.
5
Calculate the remainder when 456 is divided by 126.
78
What is the remainder when 534 is divided by 41?
1
What is the remainder when 233 is divided by 13?
12
Calculate the remainder when 523 is divided by 117.
55
What is the remainder when 485 is divided by 145?
50
Calculate the remainder when 681 is divided by 116.
101
Calculate the remainder when 3486 is divided by 117.
93
Calculate the remainder when 400 is divided by 6.
4
Calculate the remainder when 207 is divided by 50.
7
Calculate the remainder when 1001 is divided by 15.
11
Calculate the remainder when 3067 is divided by 32.
27
Calculate the remainder when 3588 is divided by 116.
108
Calculate the remainder when 190 is divided